{"id":90,"date":"2021-10-20T08:44:04","date_gmt":"2021-10-20T08:44:04","guid":{"rendered":"https:\/\/rome.vocavi.fr\/?page_id=90"},"modified":"2021-10-21T08:57:42","modified_gmt":"2021-10-21T08:57:42","slug":"extraits","status":"publish","type":"page","link":"https:\/\/rome.vocavi.fr\/index.php\/extraits\/","title":{"rendered":"Extraits"},"content":{"rendered":"\n\n\n\n\n\n\n\n<div class=\"_df_book df-lite\" id=\"df_109\"  class=\"\" id=\"109\" type=\"book\" data-title=\"extrait1\" _slug=\"extrait1\" wpoptions=\"true\" thumbtype=\"bg\" ><p class=\"df-raw-loading\">Please wait while flipbook is loading. For more related info, FAQs and issues please refer to <a href=\"https:\/\/wordpress.org\/plugins\/3d-flipbook-dflip-lite\/#installation\">DearFlip WordPress Flipbook Plugin Help<\/a> documentation.<\/p><\/div><script class=\"df-shortcode-script\" type=\"application\/javascript\">window.option_df_109 = {\"outline\":[],\"forceFit\":\"true\",\"autoEnableOutline\":\"false\",\"autoEnableThumbnail\":\"false\",\"overwritePDFOutline\":\"false\",\"direction\":\"1\",\"pageSize\":\"0\",\"source\":\"https:\\\/\\\/rome.vocavi.fr\\\/wp-content\\\/uploads\\\/2021\\\/10\\\/extrait1-15.pdf\",\"wpOptions\":\"true\"}; if(window.DFLIP && window.DFLIP.parseBooks){window.DFLIP.parseBooks();}<\/script>\n\n\n<p><strong style=\"font-size: x-large;\">Extrait 1<\/strong><span style=\"font-size:x-large;\"><\/span><\/p>\n\n\n\n\n<div class=\"_df_book df-lite\" id=\"df_111\"  class=\"\" id=\"111\" type=\"book\" data-title=\"extrait2\" _slug=\"extrait2\" wpoptions=\"true\" thumbtype=\"bg\" ><p class=\"df-raw-loading\">Please wait while flipbook is loading. For more related info, FAQs and issues please refer to <a href=\"https:\/\/wordpress.org\/plugins\/3d-flipbook-dflip-lite\/#installation\">DearFlip WordPress Flipbook Plugin Help<\/a> documentation.<\/p><\/div><script class=\"df-shortcode-script\" type=\"application\/javascript\">window.option_df_111 = {\"outline\":[],\"forceFit\":\"true\",\"autoEnableOutline\":\"false\",\"autoEnableThumbnail\":\"false\",\"overwritePDFOutline\":\"false\",\"direction\":\"1\",\"pageSize\":\"0\",\"source\":\"https:\\\/\\\/rome.vocavi.fr\\\/wp-content\\\/uploads\\\/2021\\\/10\\\/extrait123-139.pdf\",\"wpOptions\":\"true\"}; if(window.DFLIP && window.DFLIP.parseBooks){window.DFLIP.parseBooks();}<\/script>\n\n\n<p><strong style=\"font-size: x-large;\">Extrait 2<\/strong><span style=\"font-size:x-large;\"><\/span><\/p>\n\n\n\n\n<div class=\"_df_book df-lite\" id=\"df_113\"  class=\"\" id=\"113\" type=\"book\" data-title=\"extrait3\" _slug=\"extrait3\" wpoptions=\"true\" thumbtype=\"bg\" ><p class=\"df-raw-loading\">Please wait while flipbook is loading. For more related info, FAQs and issues please refer to <a href=\"https:\/\/wordpress.org\/plugins\/3d-flipbook-dflip-lite\/#installation\">DearFlip WordPress Flipbook Plugin Help<\/a> documentation.<\/p><\/div><script class=\"df-shortcode-script\" type=\"application\/javascript\">window.option_df_113 = {\"outline\":[],\"forceFit\":\"true\",\"autoEnableOutline\":\"false\",\"autoEnableThumbnail\":\"false\",\"overwritePDFOutline\":\"false\",\"direction\":\"1\",\"pageSize\":\"0\",\"source\":\"https:\\\/\\\/rome.vocavi.fr\\\/wp-content\\\/uploads\\\/2021\\\/10\\\/extrait310-325.pdf\",\"wpOptions\":\"true\"}; if(window.DFLIP && window.DFLIP.parseBooks){window.DFLIP.parseBooks();}<\/script>\n\n\n<p><strong style=\"font-size: x-large;\">Extrait 3<\/strong><span style=\"font-size:x-large;\"><\/span><\/p>\n\n\n","protected":false},"excerpt":{"rendered":"","protected":false},"author":1,"featured_media":0,"parent":0,"menu_order":0,"comment_status":"closed","ping_status":"closed","template":"","meta":{"footnotes":""},"class_list":["post-90","page","type-page","status-publish","hentry"],"yoast_head":"<!-- This site is optimized with the Yoast SEO plugin v17.4 - https:\/\/yoast.com\/wordpress\/plugins\/seo\/ -->\n<title>Extraits - Et Rome cr\u00e9a Dieu \u00e0 Son Image...<\/title>\n<meta name=\"robots\" content=\"index, follow, max-snippet:-1, max-image-preview:large, max-video-preview:-1\" \/>\n<link rel=\"canonical\" href=\"https:\/\/rome.vocavi.fr\/index.php\/extraits\/\" \/>\n<meta property=\"og:locale\" content=\"fr_FR\" \/>\n<meta property=\"og:type\" content=\"article\" \/>\n<meta property=\"og:title\" content=\"Extraits - Et Rome cr\u00e9a Dieu \u00e0 Son Image...\" \/>\n<meta property=\"og:url\" content=\"https:\/\/rome.vocavi.fr\/index.php\/extraits\/\" \/>\n<meta property=\"og:site_name\" content=\"Et Rome cr\u00e9a Dieu \u00e0 Son Image...\" \/>\n<meta property=\"article:modified_time\" content=\"2021-10-21T08:57:42+00:00\" \/>\n<meta name=\"twitter:card\" content=\"summary_large_image\" \/>\n<script type=\"application\/ld+json\" class=\"yoast-schema-graph\">{\"@context\":\"https:\/\/schema.org\",\"@graph\":[{\"@type\":\"WebSite\",\"@id\":\"https:\/\/rome.vocavi.fr\/#website\",\"url\":\"https:\/\/rome.vocavi.fr\/\",\"name\":\"Et Rome cr\\u00e9a Dieu \\u00e0 Son Image...\",\"description\":\"Et Rome cr\\u00e9a Dieu \\u00e0 Son Image...\",\"potentialAction\":[{\"@type\":\"SearchAction\",\"target\":{\"@type\":\"EntryPoint\",\"urlTemplate\":\"https:\/\/rome.vocavi.fr\/?s={search_term_string}\"},\"query-input\":\"required name=search_term_string\"}],\"inLanguage\":\"fr-FR\"},{\"@type\":\"WebPage\",\"@id\":\"https:\/\/rome.vocavi.fr\/index.php\/extraits\/#webpage\",\"url\":\"https:\/\/rome.vocavi.fr\/index.php\/extraits\/\",\"name\":\"Extraits - Et Rome cr\\u00e9a Dieu \\u00e0 Son Image...\",\"isPartOf\":{\"@id\":\"https:\/\/rome.vocavi.fr\/#website\"},\"datePublished\":\"2021-10-20T08:44:04+00:00\",\"dateModified\":\"2021-10-21T08:57:42+00:00\",\"breadcrumb\":{\"@id\":\"https:\/\/rome.vocavi.fr\/index.php\/extraits\/#breadcrumb\"},\"inLanguage\":\"fr-FR\",\"potentialAction\":[{\"@type\":\"ReadAction\",\"target\":[\"https:\/\/rome.vocavi.fr\/index.php\/extraits\/\"]}]},{\"@type\":\"BreadcrumbList\",\"@id\":\"https:\/\/rome.vocavi.fr\/index.php\/extraits\/#breadcrumb\",\"itemListElement\":[{\"@type\":\"ListItem\",\"position\":1,\"name\":\"Accueil\",\"item\":\"https:\/\/rome.vocavi.fr\/\"},{\"@type\":\"ListItem\",\"position\":2,\"name\":\"Extraits\"}]}]}<\/script>\n<!-- \/ Yoast SEO plugin. -->","yoast_head_json":{"title":"Extraits - Et Rome cr\u00e9a Dieu \u00e0 Son Image...","robots":{"index":"index","follow":"follow","max-snippet":"max-snippet:-1","max-image-preview":"max-image-preview:large","max-video-preview":"max-video-preview:-1"},"canonical":"https:\/\/rome.vocavi.fr\/index.php\/extraits\/","og_locale":"fr_FR","og_type":"article","og_title":"Extraits - Et Rome cr\u00e9a Dieu \u00e0 Son Image...","og_url":"https:\/\/rome.vocavi.fr\/index.php\/extraits\/","og_site_name":"Et Rome cr\u00e9a Dieu \u00e0 Son Image...","article_modified_time":"2021-10-21T08:57:42+00:00","twitter_card":"summary_large_image","schema":{"@context":"https:\/\/schema.org","@graph":[{"@type":"WebSite","@id":"https:\/\/rome.vocavi.fr\/#website","url":"https:\/\/rome.vocavi.fr\/","name":"Et Rome cr\u00e9a Dieu \u00e0 Son Image...","description":"Et Rome cr\u00e9a Dieu \u00e0 Son Image...","potentialAction":[{"@type":"SearchAction","target":{"@type":"EntryPoint","urlTemplate":"https:\/\/rome.vocavi.fr\/?s={search_term_string}"},"query-input":"required name=search_term_string"}],"inLanguage":"fr-FR"},{"@type":"WebPage","@id":"https:\/\/rome.vocavi.fr\/index.php\/extraits\/#webpage","url":"https:\/\/rome.vocavi.fr\/index.php\/extraits\/","name":"Extraits - Et Rome cr\u00e9a Dieu \u00e0 Son Image...","isPartOf":{"@id":"https:\/\/rome.vocavi.fr\/#website"},"datePublished":"2021-10-20T08:44:04+00:00","dateModified":"2021-10-21T08:57:42+00:00","breadcrumb":{"@id":"https:\/\/rome.vocavi.fr\/index.php\/extraits\/#breadcrumb"},"inLanguage":"fr-FR","potentialAction":[{"@type":"ReadAction","target":["https:\/\/rome.vocavi.fr\/index.php\/extraits\/"]}]},{"@type":"BreadcrumbList","@id":"https:\/\/rome.vocavi.fr\/index.php\/extraits\/#breadcrumb","itemListElement":[{"@type":"ListItem","position":1,"name":"Accueil","item":"https:\/\/rome.vocavi.fr\/"},{"@type":"ListItem","position":2,"name":"Extraits"}]}]}},"_links":{"self":[{"href":"https:\/\/rome.vocavi.fr\/index.php\/wp-json\/wp\/v2\/pages\/90","targetHints":{"allow":["GET"]}}],"collection":[{"href":"https:\/\/rome.vocavi.fr\/index.php\/wp-json\/wp\/v2\/pages"}],"about":[{"href":"https:\/\/rome.vocavi.fr\/index.php\/wp-json\/wp\/v2\/types\/page"}],"author":[{"embeddable":true,"href":"https:\/\/rome.vocavi.fr\/index.php\/wp-json\/wp\/v2\/users\/1"}],"replies":[{"embeddable":true,"href":"https:\/\/rome.vocavi.fr\/index.php\/wp-json\/wp\/v2\/comments?post=90"}],"version-history":[{"count":10,"href":"https:\/\/rome.vocavi.fr\/index.php\/wp-json\/wp\/v2\/pages\/90\/revisions"}],"predecessor-version":[{"id":152,"href":"https:\/\/rome.vocavi.fr\/index.php\/wp-json\/wp\/v2\/pages\/90\/revisions\/152"}],"wp:attachment":[{"href":"https:\/\/rome.vocavi.fr\/index.php\/wp-json\/wp\/v2\/media?parent=90"}],"curies":[{"name":"wp","href":"https:\/\/api.w.org\/{rel}","templated":true}]}}